*z + 1. Suppose 14 = 2*w - 3*t, -5*w + 17 = -2*t - t. Is c(w) composite?
False
Suppose 0 = -g - g. Suppose 4*i + 1 + 7 = g. Is i - (-86 + 6/(-2)) a composite number?
True
Let g = -2356 - -7395. Is g composite?
False
Let o(p) = -p. Let c(r) = -r - 3. Let t(n) = c(n) - 3*o(n). Let d be t(3). Is -46*d/((-18)/15) composite?
True
Let l(k) = 2*k + 6. Let f be ((-25)/10)/((-2)/4). Let o be l(f). Is 2/(o/(-12))*-74 a prime number?
False
Suppose -7*w = -16369 - 47898. Is w composite?
False
Suppose n = 2*n - 3. Let r(k) = 558 + k - 47 + k**3 + k**2 - 4*k**3 + 2*k**n. Is r(0) composite?
True
Let a = 7041 + -2368. Is a a prime number?
True
Let b be (1086/(-8) - -3)*-4. Suppose -5*y + b = -2*y. Suppose 3*x - y = -f, 0 = -f - 2*f. Is x a prime number?
True
Let b(i) = 2*i + 5. Let m be b(-5). Let y = m + -73. Let o = y - -269. Is o composite?
False
Let f(h) = -16631*h - 18. Is f(-1) composite?
True
Let g(v) = 22*v + 61. Is g(9) prime?
False
Let p be 2*6850/12 - 24/36. Let b = p + -440. Is b a composite number?
False
Let b(t) = 11*t**3 - 7*t**2 + 7*t - 530. Let v be (-3)/(-9) - 52/(-6). Let n(i) = -5*i**3 + 3*i**2 - 3*i + 265. Let x(j) = v*n(j) + 4*b(j). Is x(0) composite?
True
Let k = -3833 + 5463. Suppose -j - k = -3*j. Is j a composite number?
True
Suppose 4*s - 1 = 11. Suppose -569 = s*d - 2036. Is d prime?
False
Suppose -45*i + 8535348 = 9*i. Is i prime?
False
Let x(f) be the first derivative of 91*f**2/2 - 23*f - 35. Is x(24) prime?
True
Let z(r) be the third derivative of r**5/5 - 5*r**4/12 - r**3/2 - 14*r**2. Is z(8) a prime number?
False
Suppose 0 = -p + 4*k + 61441, 32*p + 4*k - 61441 = 31*p. Is p composite?
False
Suppose -42 = -13*a + 6*a. Suppose 10*n + 80 = a*n. Is (n - -19) + -1 + 187 a prime number?
False
Let u(m) = -m - 4. Let k be u(-6). Suppose -s = k*s - 69. Suppose 27 = l - 3*r, l = 3*r - r + s. Is l composite?
True
Let a(w) = -w**3 - w. Let y(v) = v**3 + 6*v**2 + 10*v - 8. Let m(g) = -2*a(g) - y(g). Let o be m(7). Is o*(-422)/4*-2 a prime number?
True
Let b be (-6)/(-7) - 1 - 3306/(-14). Let i = b - 117. Is i a composite number?
True
Suppose 1464 = -2*z - 4*z. Let m = z - -393. Is m prime?
True
Suppose 0 = d + 2*v - 7*v - 139, -4*d + v = -632. Suppose -3 = -5*z + 2*z. Is d*(z/(-3))/(-1) composite?
False
Suppose -3606 = -2*k + 2*c, -45*c = -k - 46*c + 1811. Is k prime?
False
Suppose 6*s - 8*s + 5*q = -2047, 0 = -2*s - 5*q + 1997. Is s prime?
False
Let p(w) be the first derivative of 1/4*w**4 + 0*w**3 + 1/2*w**2 + 1043*w - 11. Is p(0) composite?
True
Let c(u) = -3*u + 1837. Let p(j) = j**3 - 5*j**2 + 2*j + 8. Let i be p(4). Is c(i) a composite number?
True
Let f be 25 + -24 + 1*-1. Suppose f - 3 = 3*y. Is (-8064)/(-45) + y/5 a prime number?
True
Let s = 7571 + 6283. Suppose -3114 = 4*c - s. Suppose 0*b = 5*b - c. Is b composite?
True
Suppose -2*o + 4 + 6 = 0. Suppose -3*m + 13 = o*w + 1, -2*m - 3*w + 8 = 0. Suppose -8*s + 148 = -m*s. Is s a composite number?
False
Suppose x = 4*x. Suppose -2*r + 3*i + 653 = x, 5*r + i = r + 1327. Is r prime?
True
Suppose 10*p - 53286 = -12076. Suppose -10*q + 11229 = -p. Is q composite?
True
Let i(q) be the second derivative of 19*q**4/6 + q**3/6 - q**2/2 + 2*q. Suppose 5*v + 0 + 10 = 0. Is i(v) composite?
False
Let v = -29 + 32. Suppose 0 = 4*w + 2*k - 894, 434 + 236 = v*w + k. Is w composite?
False
Let l(a) = -25*a**3 - 10*a**2 - 3*a. Let f be l(-2). Suppose 3*v - 1385 = f. Is v prime?
False
Let f(j) be the third derivative of -7*j**4/6 - j**3/2 - 3*j**2. Let m be f(-5). Suppose z - m = -4*u, 4*z = -4*u + 6*u - 46. Is u prime?
False
Suppose 5*u = -2*h + 29, 12 = 4*u - 6*h + 2*h. Suppose u*y - 6 - 4 = 0. Is y composite?
False
Suppose -2*j = -a + 9971, 9*j - 25 = 14*j. Is a prime?
False
Suppose 7*a - 3*a - 1766 = -2*t, 1784 = 4*a - 4*t. Is a a composite number?
False
Suppose 4*y - 3*f = 5357, 0*y + f = 3*y - 4014. Is y a composite number?
True
Suppose -3*q = -c, 5*q = -c + 3*c. Suppose q = -3*u - l - 0 + 30, u - l = 10. Is u composite?
True
Let v(f) = -30*f**2 - 5*f + 21. Let w be v(4). Let d = w - -946. Is d a composite number?
False
Suppose -4*f + 35681 = 3*d, 13*f - 16*f = -3*d + 35646. Is d a prime number?
True
Let u(g) = g**2 - 4*g - 17. Let b be u(-2). Is b - (0 + (-3576)/4) a composite number?
True
Suppose 4*y + 4*p - 32 = -0*y, -2*y - p = -13. Suppose -y*b + 201 = -259. Let l = 99 + b. Is l prime?
True
Let r(n) = n. Let s(l) = 36*l. Let t(q) = -30*r(q) + s(q). Let j be t(2). Suppose -5*h + y = -382, 5*y = y + j. Is h composite?
True
Is (23715 - -1) + -1*(-17 + 14) composite?
False
Suppose -16*i + 18*i - 4 = 0. Is 1*-1 - ((i - 300) + 2) a composite number?
True
Let q = -775 - -505. Let r = -91 - q. Let h = r + -82. Is h composite?
False
Let r(x) = -3*x - 2*x + 195 + 1388 + 4*x. Is r(0) a composite number?
False
Let r = 14815 - 10442. Is r a prime number?
True
Let i(j) be the second derivative of -j**5/20 - j**4/4 + j**3/6 - j. Let z be i(-3). Let m(p) = -36*p + 1. Is m(z) a composite number?
False
Let y(g) = 46*g - 1. Let p = 13 - 16. Let a be y(p). Let n = a + 288. Is n composite?
False
Let d(f) be the third derivative of -f**7/2520 + 5*f**6/144 - f**5/24 - f**4/24 + 11*f**2. Let k(q) be the second derivative of d(q). Is k(14) prime?
True
Let g(h) = 252*h - 1. Let x(l) = -l - 1. Let z be x(-2). Is g(z) composite?
False
Suppose -6*h = -85 + 19. Is (-13*1)/(h/(-2827)) composite?
True
Suppose 2*r - 3*z - 23 = -2*z, 0 = 3*r - z - 33. Let t be (-9)/15*(5 - r). Is ((-100)/t + 3)*-3 a composite number?
True
Suppose s - 2*s + 2 = 0. Suppose -6*k + 2*k + 1952 = s*q, 0 = 3*k - 5*q - 1451. Is k a prime number?
True
Let f(b) = -218*b - 655. Is f(-42) prime?
True
Let j = 2 + 11. Suppose 8*l + 3 = 7*l. Let d = l + j. Is d composite?
True
Suppose -28*f + 23*f = -15. Suppose -2*k = f*k - 1735. Is k a prime number?
True
Suppose -1143820 = -23*z + 3*z. Is z a prime number?
True
Suppose -z - 2*z - 27 = 0. Let x(q) be the first derivative of 5*q**3/3 + q**2/2 + q + 38. Is x(z) a prime number?
True
Suppose -2*y + m - 1 = -0, -5*y - 2*m + 11 = 0. Let z(j) = 731*j**2 - j - 5. Let x(r) = 146*r**2 - 1. Let f(l) = 11*x(l) - 2*z(l). Is f(y) a composite number?
True
Let p(m) = -288*m + 3. Is p(-7) composite?
True
Let y(d) = -3*d**3 - 7*d**2 - 3*d - 3. Let x be y(-5). Suppose 0*j - x = -2*j. Let c = -27 + j. Is c a composite number?
False
Let w = 38 - 33. Suppose u = -w*u + 54. Suppose 2*t - u*t = -7693. Is t composite?
True
Suppose -l + 8 = -2*l. Let p = 4 + l. Is 2/p - 383/(-2) composite?
False
Suppose -5*b = -3 - 7. Let m be (0 - b)*(-3)/2. Suppose m*a - 212 = -a. Is a a composite number?
False
Let a(l) = 216*l**2 + 8*l - 6. Let q be a(4). Let c = -2085 + q. Is c a prime number?
False
Let m = 11332 + -1389. Suppose -6*s + 35437 - m = 0. Is s a composite number?
True
Let l(a) = -4*a - 5. Let z be l(-4). Suppose f - z = 4*c, -2*c - 2*f = 3*f - 11. Let d = 337 + c. Is d prime?
False
Suppose -40285 = -15*f + 9980. Is f prime?
False
Let w be 2/2*(-2 + 3). Let o be 3/w*32/6. Let u = 53 - o. Is u prime?
True
Suppose 0 = -5*s + 5*q - 15, -5*s - 3*q + 15 = -2*q. Suppose 0 = -2*x + 4*n + 1286, -2*n = s*x + 2*n - 1278. Is x a prime number?
True
Let z(t) = -305*t**3 + 2*t**2 - 20*t - 56. Is z(-5) a composite number?
False
Let r(t) = -13*t**2 - 5*t + 10. Let p be r(-7). Let z = p + 923. Is z a prime number?
True
Suppose 7*k - 5*k - 12782 = 0. Suppose 16*q + k = 42407. Is q composite?
False
Let y(k) = -1212*k + 427. Is y(-9) a composite number?
True
Let x(r) = -2*r**2 - 8*r - 3. Let m be x(-4). Is (m + (-38 - 0))*-3 a prime number?
False
Suppose 4*g = 4*t - 28, -4*t + 8*t - 10 = -2*g. Let a = 478 + -124. Suppose 3*n + n - y - 736 = 0, 2*n - a = t*y. Is n composite?
True
Suppose -16*n + 16495 = -11*n. Is n prime?
True
Suppose v - 11 = 1727. Suppose 2*i + 0*i - v = 0. Is i composite?
True
Suppose 6*w + 2*w - 248 = 0. Let c be (1 + 7)/((-4)/(-2)). Suppose c*v - 5*x = 169 + w, 0 = 3*v - 4*x - 149. Is v a prime number?
False
Suppose -3*f = -v + 147, -4*f + 2*v + 0*v - 196 = 0. Is (-2 - f/(-5))*-15 composite?
True
Let v be (-63)/(-6)*10/15. Suppose -v*i = -5*i - 982. Is i composite?
False
Is ((-152157)/9)/(6/(-54)*3) composite?
True
Suppose 4*n - 5*d - 11424 = 0, -234*n + 233*n = -5*d - 2841. Is n composite?
False
Let v = 1846 + -704. Supp